{"id":1875,"date":"2025-08-01T12:18:47","date_gmt":"2025-08-01T12:18:47","guid":{"rendered":"https:\/\/zuna.com.tr\/?post_type=product&#038;p=1875"},"modified":"2025-08-01T12:23:22","modified_gmt":"2025-08-01T12:23:22","slug":"atlas-mind-kitap-tutucu","status":"publish","type":"product","link":"https:\/\/zuna.com.tr\/index.php\/product\/atlas-mind-kitap-tutucu\/","title":{"rendered":"Atlas M\u0131nd Kitap Tutucu"},"content":{"rendered":"<p>\ud83d\udcda ATLAS MIND \u2013 Zihnin Y\u00fck\u00fcn\u00fc Ta\u015f\u0131yan Tasar\u0131m<\/p>\n<p>Mek\u00e2na entelekt\u00fcel bir duru\u015f kazand\u0131ran Atlas Mind, sadece bir kitap tutucu de\u011fil; d\u00fc\u015f\u00fcncenin zarafetine adanm\u0131\u015f bir obje. Modern formu ve alt\u0131n detaylar\u0131yla hem estetik hem i\u015flevsel.<\/p>\n<p>\ud83d\udda4 Minimal l\u00fcks\u00fc sevenlere \u00f6zel.<br \/>\n\ud83d\udccdZuna koleksiyonunda.<\/p>\n","protected":false},"excerpt":{"rendered":"<p>\ud83d\udcda ATLAS MIND \u2013 Zihnin Y\u00fck\u00fcn\u00fc Ta\u015f\u0131yan Tasar\u0131m<\/p>\n<p>Mek\u00e2na entelekt\u00fcel bir duru\u015f kazand\u0131ran Atlas Mind, sadece bir kitap tutucu de\u011fil; d\u00fc\u015f\u00fcncenin zarafetine adanm\u0131\u015f bir obje. Modern formu ve alt\u0131n detaylar\u0131yla hem estetik hem i\u015flevsel.<\/p>\n<p>\ud83d\udda4 Minimal l\u00fcks\u00fc sevenlere \u00f6zel.<br \/>\n\ud83d\udccdZuna koleksiyonunda.<\/p>\n","protected":false},"featured_media":1876,"comment_status":"open","ping_status":"closed","template":"","meta":[],"product_brand":[],"product_cat":[53],"product_tag":[],"class_list":{"0":"post-1875","1":"product","2":"type-product","3":"status-publish","4":"has-post-thumbnail","6":"product_cat-aksesuar","8":"first","9":"instock","10":"taxable","11":"shipping-taxable","12":"purchasable","13":"product-type-simple"},"jetpack_sharing_enabled":true,"_links":{"self":[{"href":"https:\/\/zuna.com.tr\/index.php\/wp-json\/wp\/v2\/product\/1875","targetHints":{"allow":["GET"]}}],"collection":[{"href":"https:\/\/zuna.com.tr\/index.php\/wp-json\/wp\/v2\/product"}],"about":[{"href":"https:\/\/zuna.com.tr\/index.php\/wp-json\/wp\/v2\/types\/product"}],"replies":[{"embeddable":true,"href":"https:\/\/zuna.com.tr\/index.php\/wp-json\/wp\/v2\/comments?post=1875"}],"version-history":[{"count":1,"href":"https:\/\/zuna.com.tr\/index.php\/wp-json\/wp\/v2\/product\/1875\/revisions"}],"predecessor-version":[{"id":1881,"href":"https:\/\/zuna.com.tr\/index.php\/wp-json\/wp\/v2\/product\/1875\/revisions\/1881"}],"wp:featuredmedia":[{"embeddable":true,"href":"https:\/\/zuna.com.tr\/index.php\/wp-json\/wp\/v2\/media\/1876"}],"wp:attachment":[{"href":"https:\/\/zuna.com.tr\/index.php\/wp-json\/wp\/v2\/media?parent=1875"}],"wp:term":[{"taxonomy":"product_brand","embeddable":true,"href":"https:\/\/zuna.com.tr\/index.php\/wp-json\/wp\/v2\/product_brand?post=1875"},{"taxonomy":"product_cat","embeddable":true,"href":"https:\/\/zuna.com.tr\/index.php\/wp-json\/wp\/v2\/product_cat?post=1875"},{"taxonomy":"product_tag","embeddable":true,"href":"https:\/\/zuna.com.tr\/index.php\/wp-json\/wp\/v2\/product_tag?post=1875"}],"curies":[{"name":"wp","href":"https:\/\/api.w.org\/{rel}","templated":true}]}}