{"id":1806,"date":"2025-07-30T22:05:00","date_gmt":"2025-07-30T22:05:00","guid":{"rendered":"https:\/\/zuna.com.tr\/?post_type=product&#038;p=1806"},"modified":"2025-07-30T22:07:23","modified_gmt":"2025-07-30T22:07:23","slug":"verona-kup","status":"publish","type":"product","link":"https:\/\/zuna.com.tr\/index.php\/product\/verona-kup\/","title":{"rendered":"Verona K\u00fcp"},"content":{"rendered":"<p data-start=\"131\" data-end=\"194\">Verona \u2013 I\u015f\u0131\u011f\u0131n Zarafetiyle<br \/>\nAlt\u0131n detaylarla b\u00fct\u00fcnle\u015fen canl\u0131 sar\u0131 ton, Verona\u2019y\u0131 sadece bir obje de\u011fil, ya\u015fam alan\u0131n\u0131n enerji noktas\u0131 haline getiriyor.<br \/>\nKlasik formuyla zamans\u0131z bir duru\u015f, modern parlakl\u0131\u011f\u0131yla \u00e7arp\u0131c\u0131 bir yorum sunuyor.<\/p>\n<p>\ud83d\udc9b Oturma odas\u0131, konsol ya da ni\u015f alanlarda g\u00f6z al\u0131c\u0131 bir tamamlay\u0131c\u0131.<br \/>\n\ud83d\udccdEl i\u015f\u00e7ili\u011fi porselen.<br \/>\n\u2800<br \/>\n\ud83d\udda4 Zuna koleksiyonunda yerini ald\u0131.<\/p>\n","protected":false},"excerpt":{"rendered":"<p>Verona \u2013 I\u015f\u0131\u011f\u0131n Zarafetiyle<br \/>\nAlt\u0131n detaylarla b\u00fct\u00fcnle\u015fen canl\u0131 sar\u0131 ton, Verona\u2019y\u0131 sadece bir obje de\u011fil, ya\u015fam alan\u0131n\u0131n enerji noktas\u0131 haline getiriyor.<br \/>\nKlasik formuyla zamans\u0131z bir duru\u015f, modern parlakl\u0131\u011f\u0131yla \u00e7arp\u0131c\u0131 bir yorum sunuyor.<\/p>\n<p>\ud83d\udc9b Oturma odas\u0131, konsol ya da ni\u015f alanlarda g\u00f6z al\u0131c\u0131 bir tamamlay\u0131c\u0131.<br \/>\n\ud83d\udccdEl i\u015f\u00e7ili\u011fi porselen.<br \/>\n\u2800<br \/>\n\ud83d\udda4 Zuna koleksiyonunda yerini ald\u0131.<\/p>\n","protected":false},"featured_media":1807,"comment_status":"open","ping_status":"closed","template":"","meta":[],"product_brand":[],"product_cat":[54],"product_tag":[],"class_list":{"0":"post-1806","1":"product","2":"type-product","3":"status-publish","4":"has-post-thumbnail","6":"product_cat-seramik","8":"first","9":"instock","10":"taxable","11":"shipping-taxable","12":"purchasable","13":"product-type-simple"},"jetpack_sharing_enabled":true,"_links":{"self":[{"href":"https:\/\/zuna.com.tr\/index.php\/wp-json\/wp\/v2\/product\/1806","targetHints":{"allow":["GET"]}}],"collection":[{"href":"https:\/\/zuna.com.tr\/index.php\/wp-json\/wp\/v2\/product"}],"about":[{"href":"https:\/\/zuna.com.tr\/index.php\/wp-json\/wp\/v2\/types\/product"}],"replies":[{"embeddable":true,"href":"https:\/\/zuna.com.tr\/index.php\/wp-json\/wp\/v2\/comments?post=1806"}],"version-history":[{"count":2,"href":"https:\/\/zuna.com.tr\/index.php\/wp-json\/wp\/v2\/product\/1806\/revisions"}],"predecessor-version":[{"id":1812,"href":"https:\/\/zuna.com.tr\/index.php\/wp-json\/wp\/v2\/product\/1806\/revisions\/1812"}],"wp:featuredmedia":[{"embeddable":true,"href":"https:\/\/zuna.com.tr\/index.php\/wp-json\/wp\/v2\/media\/1807"}],"wp:attachment":[{"href":"https:\/\/zuna.com.tr\/index.php\/wp-json\/wp\/v2\/media?parent=1806"}],"wp:term":[{"taxonomy":"product_brand","embeddable":true,"href":"https:\/\/zuna.com.tr\/index.php\/wp-json\/wp\/v2\/product_brand?post=1806"},{"taxonomy":"product_cat","embeddable":true,"href":"https:\/\/zuna.com.tr\/index.php\/wp-json\/wp\/v2\/product_cat?post=1806"},{"taxonomy":"product_tag","embeddable":true,"href":"https:\/\/zuna.com.tr\/index.php\/wp-json\/wp\/v2\/product_tag?post=1806"}],"curies":[{"name":"wp","href":"https:\/\/api.w.org\/{rel}","templated":true}]}}