{"id":1799,"date":"2025-07-30T22:00:44","date_gmt":"2025-07-30T22:00:44","guid":{"rendered":"https:\/\/zuna.com.tr\/?post_type=product&#038;p=1799"},"modified":"2025-07-30T22:03:46","modified_gmt":"2025-07-30T22:03:46","slug":"gemello","status":"publish","type":"product","link":"https:\/\/zuna.com.tr\/index.php\/product\/gemello\/","title":{"rendered":"Gemello"},"content":{"rendered":"<p data-start=\"127\" data-end=\"170\">Gemello \u2013 Beraberli\u011fin Bi\u00e7imi.<br \/>\nBirbirini tamamlayan iki form, mek\u00e2n\u0131n kalbinde zarif bir odak yarat\u0131r.<br \/>\nEl yap\u0131m\u0131 cam detaylar\u0131 ve \u00f6zg\u00fcn siluetiyle Gemello, hem estetik hem anlam ta\u015f\u0131r.<\/p>\n<p>\u2728 A\u015fka, dostlu\u011fa, birlikteli\u011fe sanatsal bir dokunu\u015f.<br \/>\n\ud83e\udde1 Amber tonlar\u0131yla s\u0131cakl\u0131k, denge ve uyum.<\/p>\n","protected":false},"excerpt":{"rendered":"<p>Gemello \u2013 Beraberli\u011fin Bi\u00e7imi.<br \/>\nBirbirini tamamlayan iki form, mek\u00e2n\u0131n kalbinde zarif bir odak yarat\u0131r.<br \/>\nEl yap\u0131m\u0131 cam detaylar\u0131 ve \u00f6zg\u00fcn siluetiyle Gemello, hem estetik hem anlam ta\u015f\u0131r.<\/p>\n<p>\u2728 A\u015fka, dostlu\u011fa, birlikteli\u011fe sanatsal bir dokunu\u015f.<br \/>\n\ud83e\udde1 Amber tonlar\u0131yla s\u0131cakl\u0131k, denge ve uyum.<\/p>\n","protected":false},"featured_media":1800,"comment_status":"open","ping_status":"closed","template":"","meta":[],"product_brand":[],"product_cat":[53],"product_tag":[],"class_list":{"0":"post-1799","1":"product","2":"type-product","3":"status-publish","4":"has-post-thumbnail","6":"product_cat-aksesuar","8":"first","9":"instock","10":"taxable","11":"shipping-taxable","12":"purchasable","13":"product-type-simple"},"jetpack_sharing_enabled":true,"_links":{"self":[{"href":"https:\/\/zuna.com.tr\/index.php\/wp-json\/wp\/v2\/product\/1799","targetHints":{"allow":["GET"]}}],"collection":[{"href":"https:\/\/zuna.com.tr\/index.php\/wp-json\/wp\/v2\/product"}],"about":[{"href":"https:\/\/zuna.com.tr\/index.php\/wp-json\/wp\/v2\/types\/product"}],"replies":[{"embeddable":true,"href":"https:\/\/zuna.com.tr\/index.php\/wp-json\/wp\/v2\/comments?post=1799"}],"version-history":[{"count":2,"href":"https:\/\/zuna.com.tr\/index.php\/wp-json\/wp\/v2\/product\/1799\/revisions"}],"predecessor-version":[{"id":1805,"href":"https:\/\/zuna.com.tr\/index.php\/wp-json\/wp\/v2\/product\/1799\/revisions\/1805"}],"wp:featuredmedia":[{"embeddable":true,"href":"https:\/\/zuna.com.tr\/index.php\/wp-json\/wp\/v2\/media\/1800"}],"wp:attachment":[{"href":"https:\/\/zuna.com.tr\/index.php\/wp-json\/wp\/v2\/media?parent=1799"}],"wp:term":[{"taxonomy":"product_brand","embeddable":true,"href":"https:\/\/zuna.com.tr\/index.php\/wp-json\/wp\/v2\/product_brand?post=1799"},{"taxonomy":"product_cat","embeddable":true,"href":"https:\/\/zuna.com.tr\/index.php\/wp-json\/wp\/v2\/product_cat?post=1799"},{"taxonomy":"product_tag","embeddable":true,"href":"https:\/\/zuna.com.tr\/index.php\/wp-json\/wp\/v2\/product_tag?post=1799"}],"curies":[{"name":"wp","href":"https:\/\/api.w.org\/{rel}","templated":true}]}}