{"id":1777,"date":"2025-07-30T21:41:14","date_gmt":"2025-07-30T21:41:14","guid":{"rendered":"https:\/\/zuna.com.tr\/?post_type=product&#038;p=1777"},"modified":"2025-07-30T21:46:11","modified_gmt":"2025-07-30T21:46:11","slug":"papilla-kup","status":"publish","type":"product","link":"https:\/\/zuna.com.tr\/index.php\/product\/papilla-kup\/","title":{"rendered":"Papilla K\u00fcp"},"content":{"rendered":"<p>\ud83e\udd8b Do\u011fan\u0131n zarafeti, objeye d\u00f6n\u00fc\u015ft\u00fc.<br \/>\nPapilla, mavi tonlar ve kelebek ill\u00fcstrasyonlar\u0131yla bahar\u0131n huzurunu i\u00e7 mek\u00e2na ta\u015f\u0131yor.<br \/>\nRomantik stilin naif ve ferah temsilcisi.<\/p>\n<p>\ud83c\udf3f Country, vintage veya klasik yazl\u0131k dekorasyonlar i\u00e7in \u015fiir gibi bir detay.<\/p>\n","protected":false},"excerpt":{"rendered":"<p>\ud83e\udd8b Do\u011fan\u0131n zarafeti, objeye d\u00f6n\u00fc\u015ft\u00fc.<br \/>\nPapilla, mavi tonlar ve kelebek ill\u00fcstrasyonlar\u0131yla bahar\u0131n huzurunu i\u00e7 mek\u00e2na ta\u015f\u0131yor.<br \/>\nRomantik stilin naif ve ferah temsilcisi.<\/p>\n<p>\ud83c\udf3f Country, vintage veya klasik yazl\u0131k dekorasyonlar i\u00e7in \u015fiir gibi bir detay.<\/p>\n","protected":false},"featured_media":1778,"comment_status":"open","ping_status":"closed","template":"","meta":[],"product_brand":[],"product_cat":[54],"product_tag":[],"class_list":{"0":"post-1777","1":"product","2":"type-product","3":"status-publish","4":"has-post-thumbnail","6":"product_cat-seramik","8":"first","9":"instock","10":"taxable","11":"shipping-taxable","12":"purchasable","13":"product-type-simple"},"jetpack_sharing_enabled":true,"_links":{"self":[{"href":"https:\/\/zuna.com.tr\/index.php\/wp-json\/wp\/v2\/product\/1777","targetHints":{"allow":["GET"]}}],"collection":[{"href":"https:\/\/zuna.com.tr\/index.php\/wp-json\/wp\/v2\/product"}],"about":[{"href":"https:\/\/zuna.com.tr\/index.php\/wp-json\/wp\/v2\/types\/product"}],"replies":[{"embeddable":true,"href":"https:\/\/zuna.com.tr\/index.php\/wp-json\/wp\/v2\/comments?post=1777"}],"version-history":[{"count":1,"href":"https:\/\/zuna.com.tr\/index.php\/wp-json\/wp\/v2\/product\/1777\/revisions"}],"predecessor-version":[{"id":1782,"href":"https:\/\/zuna.com.tr\/index.php\/wp-json\/wp\/v2\/product\/1777\/revisions\/1782"}],"wp:featuredmedia":[{"embeddable":true,"href":"https:\/\/zuna.com.tr\/index.php\/wp-json\/wp\/v2\/media\/1778"}],"wp:attachment":[{"href":"https:\/\/zuna.com.tr\/index.php\/wp-json\/wp\/v2\/media?parent=1777"}],"wp:term":[{"taxonomy":"product_brand","embeddable":true,"href":"https:\/\/zuna.com.tr\/index.php\/wp-json\/wp\/v2\/product_brand?post=1777"},{"taxonomy":"product_cat","embeddable":true,"href":"https:\/\/zuna.com.tr\/index.php\/wp-json\/wp\/v2\/product_cat?post=1777"},{"taxonomy":"product_tag","embeddable":true,"href":"https:\/\/zuna.com.tr\/index.php\/wp-json\/wp\/v2\/product_tag?post=1777"}],"curies":[{"name":"wp","href":"https:\/\/api.w.org\/{rel}","templated":true}]}}