{"id":1661,"date":"2025-07-30T20:32:03","date_gmt":"2025-07-30T20:32:03","guid":{"rendered":"https:\/\/zuna.com.tr\/?post_type=product&#038;p=1661"},"modified":"2025-08-01T12:27:56","modified_gmt":"2025-08-01T12:27:56","slug":"aurela","status":"publish","type":"product","link":"https:\/\/zuna.com.tr\/index.php\/product\/aurela\/","title":{"rendered":"Aurela"},"content":{"rendered":"<p>AURELA \u2013 Do\u011fadan ilham, sanatta hayat.<br \/>\nAlt\u0131n yaprak formuyla do\u011fan\u0131n asaleti, siyah mermer tabanla modern zarafet bulu\u015fuyor.<br \/>\nAurela, mek\u00e2n\u0131n\u0131za heykelsi bir dokunu\u015f ve g\u00fc\u00e7l\u00fc bir odak kazand\u0131r\u0131r.<\/p>\n<p>\ud83c\udf43 Do\u011fayla uyumlu, sanatla b\u00fct\u00fcn.<br \/>\n\u2728 Minimal \u00e7izgiler, maksimal etki.<\/p>\n","protected":false},"excerpt":{"rendered":"<p>AURELA \u2013 Do\u011fadan ilham, sanatta hayat.<br \/>\nAlt\u0131n yaprak formuyla do\u011fan\u0131n asaleti, siyah mermer tabanla modern zarafet bulu\u015fuyor.<br \/>\nAurela, mek\u00e2n\u0131n\u0131za heykelsi bir dokunu\u015f ve g\u00fc\u00e7l\u00fc bir odak kazand\u0131r\u0131r.<\/p>\n<p>\ud83c\udf43 Do\u011fayla uyumlu, sanatla b\u00fct\u00fcn.<br \/>\n\u2728 Minimal \u00e7izgiler, maksimal etki.<\/p>\n","protected":false},"featured_media":1882,"comment_status":"open","ping_status":"closed","template":"","meta":[],"product_brand":[],"product_cat":[53],"product_tag":[],"class_list":{"0":"post-1661","1":"product","2":"type-product","3":"status-publish","4":"has-post-thumbnail","6":"product_cat-aksesuar","8":"first","9":"instock","10":"taxable","11":"shipping-taxable","12":"purchasable","13":"product-type-simple"},"jetpack_sharing_enabled":true,"_links":{"self":[{"href":"https:\/\/zuna.com.tr\/index.php\/wp-json\/wp\/v2\/product\/1661","targetHints":{"allow":["GET"]}}],"collection":[{"href":"https:\/\/zuna.com.tr\/index.php\/wp-json\/wp\/v2\/product"}],"about":[{"href":"https:\/\/zuna.com.tr\/index.php\/wp-json\/wp\/v2\/types\/product"}],"replies":[{"embeddable":true,"href":"https:\/\/zuna.com.tr\/index.php\/wp-json\/wp\/v2\/comments?post=1661"}],"version-history":[{"count":1,"href":"https:\/\/zuna.com.tr\/index.php\/wp-json\/wp\/v2\/product\/1661\/revisions"}],"predecessor-version":[{"id":1720,"href":"https:\/\/zuna.com.tr\/index.php\/wp-json\/wp\/v2\/product\/1661\/revisions\/1720"}],"wp:featuredmedia":[{"embeddable":true,"href":"https:\/\/zuna.com.tr\/index.php\/wp-json\/wp\/v2\/media\/1882"}],"wp:attachment":[{"href":"https:\/\/zuna.com.tr\/index.php\/wp-json\/wp\/v2\/media?parent=1661"}],"wp:term":[{"taxonomy":"product_brand","embeddable":true,"href":"https:\/\/zuna.com.tr\/index.php\/wp-json\/wp\/v2\/product_brand?post=1661"},{"taxonomy":"product_cat","embeddable":true,"href":"https:\/\/zuna.com.tr\/index.php\/wp-json\/wp\/v2\/product_cat?post=1661"},{"taxonomy":"product_tag","embeddable":true,"href":"https:\/\/zuna.com.tr\/index.php\/wp-json\/wp\/v2\/product_tag?post=1661"}],"curies":[{"name":"wp","href":"https:\/\/api.w.org\/{rel}","templated":true}]}}