{"id":1655,"date":"2025-07-29T07:21:44","date_gmt":"2025-07-29T07:21:44","guid":{"rendered":"https:\/\/zuna.com.tr\/?post_type=product&#038;p=1655"},"modified":"2025-07-30T21:26:51","modified_gmt":"2025-07-30T21:26:51","slug":"2-li-kardelen-cicegi-desen-buyuk-kucuk-asil-kup","status":"publish","type":"product","link":"https:\/\/zuna.com.tr\/index.php\/product\/2-li-kardelen-cicegi-desen-buyuk-kucuk-asil-kup\/","title":{"rendered":"Niva K\u00fcp"},"content":{"rendered":"<p data-start=\"131\" data-end=\"194\">\ud83d\udd37 Saray\u0131n Sessiz Miras\u0131<br \/>\n\u0130lham\u0131n\u0131 klasik Osmanl\u0131 motiflerinden alan bu zarif kavanoz \u00e7ifti, her detay\u0131yla ge\u00e7mi\u015fin ihti\u015fam\u0131n\u0131 bug\u00fcn\u00fcn esteti\u011fine ta\u015f\u0131yor.<br \/>\nAlt\u0131n dokunu\u015flar ve koyu maviyle bulu\u015fan el i\u015f\u00e7ili\u011fi, ya\u015fam alan\u0131n\u0131za aristokrat bir duru\u015f kat\u0131yor.<\/p>\n<p>\ud83d\udccd\u0130deal: antre, konsol \u00fczeri ya da salon odak noktas\u0131<br \/>\n\ud83d\udd90\ufe0f \u00d6zg\u00fcn desen, s\u0131n\u0131rl\u0131 say\u0131da \u00fcretim<br \/>\n\u2800<br \/>\n\ud83d\udda4 Zuna\u2019n\u0131n klasik koleksiyonundan bir hat\u0131ra.<\/p>\n","protected":false},"excerpt":{"rendered":"<p>\ud83d\udd37 Saray\u0131n Sessiz Miras\u0131<br \/>\n\u0130lham\u0131n\u0131 klasik Osmanl\u0131 motiflerinden alan bu zarif kavanoz \u00e7ifti, her detay\u0131yla ge\u00e7mi\u015fin ihti\u015fam\u0131n\u0131 bug\u00fcn\u00fcn esteti\u011fine ta\u015f\u0131yor.<br \/>\nAlt\u0131n dokunu\u015flar ve koyu maviyle bulu\u015fan el i\u015f\u00e7ili\u011fi, ya\u015fam alan\u0131n\u0131za aristokrat bir duru\u015f kat\u0131yor.<\/p>\n<p>\ud83d\udccd\u0130deal: antre, konsol \u00fczeri ya da salon odak noktas\u0131<br \/>\n\ud83d\udd90\ufe0f \u00d6zg\u00fcn desen, s\u0131n\u0131rl\u0131 say\u0131da \u00fcretim<br \/>\n\u2800<br \/>\n\ud83d\udda4 Zuna\u2019n\u0131n klasik koleksiyonundan bir hat\u0131ra.<\/p>\n","protected":false},"featured_media":1731,"comment_status":"open","ping_status":"closed","template":"","meta":[],"product_brand":[],"product_cat":[54],"product_tag":[],"class_list":{"0":"post-1655","1":"product","2":"type-product","3":"status-publish","4":"has-post-thumbnail","6":"product_cat-seramik","8":"first","9":"instock","10":"taxable","11":"shipping-taxable","12":"purchasable","13":"product-type-simple"},"jetpack_sharing_enabled":true,"_links":{"self":[{"href":"https:\/\/zuna.com.tr\/index.php\/wp-json\/wp\/v2\/product\/1655","targetHints":{"allow":["GET"]}}],"collection":[{"href":"https:\/\/zuna.com.tr\/index.php\/wp-json\/wp\/v2\/product"}],"about":[{"href":"https:\/\/zuna.com.tr\/index.php\/wp-json\/wp\/v2\/types\/product"}],"replies":[{"embeddable":true,"href":"https:\/\/zuna.com.tr\/index.php\/wp-json\/wp\/v2\/comments?post=1655"}],"version-history":[{"count":3,"href":"https:\/\/zuna.com.tr\/index.php\/wp-json\/wp\/v2\/product\/1655\/revisions"}],"predecessor-version":[{"id":1737,"href":"https:\/\/zuna.com.tr\/index.php\/wp-json\/wp\/v2\/product\/1655\/revisions\/1737"}],"wp:featuredmedia":[{"embeddable":true,"href":"https:\/\/zuna.com.tr\/index.php\/wp-json\/wp\/v2\/media\/1731"}],"wp:attachment":[{"href":"https:\/\/zuna.com.tr\/index.php\/wp-json\/wp\/v2\/media?parent=1655"}],"wp:term":[{"taxonomy":"product_brand","embeddable":true,"href":"https:\/\/zuna.com.tr\/index.php\/wp-json\/wp\/v2\/product_brand?post=1655"},{"taxonomy":"product_cat","embeddable":true,"href":"https:\/\/zuna.com.tr\/index.php\/wp-json\/wp\/v2\/product_cat?post=1655"},{"taxonomy":"product_tag","embeddable":true,"href":"https:\/\/zuna.com.tr\/index.php\/wp-json\/wp\/v2\/product_tag?post=1655"}],"curies":[{"name":"wp","href":"https:\/\/api.w.org\/{rel}","templated":true}]}}

Niva Küp

<p data-start="131" data-end="194">🔷 Sarayın Sessiz Mirası<br />
İlhamını klasik Osmanlı motiflerinden alan bu zarif kavanoz çifti, her detayıyla geçmişin ihtişamını bugünün estetiğine taşıyor.<br />
Altın dokunuşlar ve koyu maviyle buluşan el işçiliği, yaşam alanınıza aristokrat bir duruş katıyor.</p>
<p>📍İdeal: antre, konsol üzeri ya da salon odak noktası<br />
🖐️ Özgün desen, sınırlı sayıda üretim<br />
⠀<br />
🖤 Zuna’nın klasik koleksiyonundan bir hatıra.</p>

<p>🔷 Sarayın Sessiz Mirası<br />
İlhamını klasik Osmanlı motiflerinden alan bu zarif kavanoz çifti, her detayıyla geçmişin ihtişamını bugünün estetiğine taşıyor.<br />
Altın dokunuşlar ve koyu maviyle buluşan el işçiliği, yaşam alanınıza aristokrat bir duruş katıyor.</p>
<p>📍İdeal: antre, konsol üzeri ya da salon odak noktası<br />
🖐️ Özgün desen, sınırlı sayıda üretim<br />
⠀<br />
🖤 Zuna’nın klasik koleksiyonundan bir hatıra.</p>
