{"id":11,"date":"2025-07-23T17:13:17","date_gmt":"2025-07-23T17:13:17","guid":{"rendered":"https:\/\/zuna.com.tr\/index.php\/cart\/"},"modified":"2025-07-29T22:20:24","modified_gmt":"2025-07-29T22:20:24","slug":"cart","status":"publish","type":"page","link":"https:\/\/zuna.com.tr\/index.php\/cart\/","title":{"rendered":"Sepet"},"content":{"rendered":"\t\t<div data-elementor-type=\"wp-page\" data-elementor-id=\"11\" class=\"elementor elementor-11\">\n\t\t\t\t<div class=\"elementor-element elementor-element-7314e949 e-flex e-con-boxed e-con e-parent\" data-id=\"7314e949\" data-element_type=\"container\">\n\t\t\t\t\t<div class=\"e-con-inner\">\n\t\t\t\t<div class=\"elementor-element elementor-element-6d0ba809 elementor-widget elementor-widget-text-editor\" data-id=\"6d0ba809\" data-element_type=\"widget\" data-widget_type=\"text-editor.default\">\n\t\t\t\t\t\t\t\t\t\n<div data-block-name=\"woocommerce\/cart\" class=\"wp-block-woocommerce-cart alignwide is-loading\">\n<div data-block-name=\"woocommerce\/filled-cart-block\" class=\"wp-block-woocommerce-filled-cart-block\">\n<div data-block-name=\"woocommerce\/cart-items-block\" class=\"wp-block-woocommerce-cart-items-block\">\n<div data-block-name=\"woocommerce\/cart-line-items-block\" class=\"wp-block-woocommerce-cart-line-items-block\">\u00a0<\/div>\n\n<div data-block-name=\"woocommerce\/cart-cross-sells-block\" class=\"wp-block-woocommerce-cart-cross-sells-block\">\n<h2 class=\"wp-block-heading has-large-font-size\">\u0130lginizi \u00c7ekebilecek \u00dcr\u00fcnler<\/h2>\n\n<div data-block-name=\"woocommerce\/cart-cross-sells-products-block\" class=\"wp-block-woocommerce-cart-cross-sells-products-block\">\u00a0<\/div>\n<\/div>\n<\/div>\n\n<div data-block-name=\"woocommerce\/cart-totals-block\" class=\"wp-block-woocommerce-cart-totals-block\">\n<div data-block-name=\"woocommerce\/cart-order-summary-block\" class=\"wp-block-woocommerce-cart-order-summary-block\">\n<div data-block-name=\"woocommerce\/cart-order-summary-heading-block\" class=\"wp-block-woocommerce-cart-order-summary-heading-block\">\u00a0<\/div><div data-block-name=\"woocommerce\/cart-order-summary-coupon-form-block\" class=\"wp-block-woocommerce-cart-order-summary-coupon-form-block\">\u00a0<\/div><div data-block-name=\"woocommerce\/cart-order-summary-totals-block\" class=\"wp-block-woocommerce-cart-order-summary-totals-block\">\n<div data-block-name=\"woocommerce\/cart-order-summary-subtotal-block\" class=\"wp-block-woocommerce-cart-order-summary-subtotal-block\">\u00a0<\/div>\n<div data-block-name=\"woocommerce\/cart-order-summary-discount-block\" class=\"wp-block-woocommerce-cart-order-summary-discount-block\">\u00a0<\/div>\n<div data-block-name=\"woocommerce\/cart-order-summary-fee-block\" class=\"wp-block-woocommerce-cart-order-summary-fee-block\">\u00a0<\/div>\n<div data-block-name=\"woocommerce\/cart-order-summary-shipping-block\" class=\"wp-block-woocommerce-cart-order-summary-shipping-block\">\u00a0<\/div>\n<div data-block-name=\"woocommerce\/cart-order-summary-taxes-block\" class=\"wp-block-woocommerce-cart-order-summary-taxes-block\">\u00a0<\/div><\/div>\n<\/div>\n\n<div data-block-name=\"woocommerce\/cart-express-payment-block\" class=\"wp-block-woocommerce-cart-express-payment-block\">\u00a0<\/div>\n\n<div data-block-name=\"woocommerce\/proceed-to-checkout-block\" class=\"wp-block-woocommerce-proceed-to-checkout-block\">\u00a0<\/div>\n\n<div data-block-name=\"woocommerce\/cart-accepted-payment-methods-block\" class=\"wp-block-woocommerce-cart-accepted-payment-methods-block\">\u00a0<\/div>\n<\/div>\n<\/div>\n\n<div data-block-name=\"woocommerce\/empty-cart-block\" class=\"wp-block-woocommerce-empty-cart-block\">\n<h2 class=\"wp-block-heading has-text-align-center with-empty-cart-icon wc-block-cart__empty-cart__title\">Sepetiniz Bo\u015f!<\/h2>\n<hr class=\"wp-block-separator has-alpha-channel-opacity is-style-dots\" \/>\n<h2 class=\"wp-block-heading has-text-align-center\">Ma\u011fzada Yeni<\/h2>\n<div data-block-name=\"woocommerce\/product-new\" data-columns=\"4\" data-rows=\"1\" class=\"wc-block-grid wp-block-product-new wp-block-woocommerce-product-new wc-block-product-new has-4-columns\"><ul class=\"wc-block-grid__products\"><li class=\"wc-block-grid__product\">\n\t\t\t\t<a href=\"https:\/\/zuna.com.tr\/index.php\/product\/pica\/\" class=\"wc-block-grid__product-link\">\n\t\t\t\t\t\n\t\t\t\t\t<div class=\"wc-block-grid__product-image\"><img fetchpriority=\"high\" decoding=\"async\" width=\"300\" height=\"300\" src=\"https:\/\/zuna.com.tr\/wp-content\/uploads\/2025\/08\/67-300x300.png\" class=\"attachment-woocommerce_thumbnail size-woocommerce_thumbnail\" alt=\"Pica\" srcset=\"https:\/\/zuna.com.tr\/wp-content\/uploads\/2025\/08\/67-300x300.png 300w, https:\/\/zuna.com.tr\/wp-content\/uploads\/2025\/08\/67-150x150.png 150w, https:\/\/zuna.com.tr\/wp-content\/uploads\/2025\/08\/67-800x800.png 800w, https:\/\/zuna.com.tr\/wp-content\/uploads\/2025\/08\/67-270x270.png 270w, https:\/\/zuna.com.tr\/wp-content\/uploads\/2025\/08\/67-448x448.png 448w, https:\/\/zuna.com.tr\/wp-content\/uploads\/2025\/08\/67-100x100.png 100w\" sizes=\"(max-width: 300px) 100vw, 300px\" \/><\/div>\n\t\t\t\t\t<div class=\"wc-block-grid__product-title\">Pica<\/div>\n\t\t\t\t<\/a>\n\t\t\t\t<div class=\"wc-block-grid__product-price price\"><span class=\"woocommerce-Price-amount amount\">2.600,00<span class=\"woocommerce-Price-currencySymbol\">&#8378;<\/span><\/span><\/div>\n\t\t\t\t\n\t\t\t\t<div class=\"wp-block-button wc-block-grid__product-add-to-cart\"><a href=\"?add-to-cart=1887\" aria-label=\"Sepete ekle: \u201cPica\u201d\" data-quantity=\"1\" data-product_id=\"1887\" data-product_sku=\"\" data-price=\"2600\" rel=\"nofollow\" class=\"wp-block-button__link  add_to_cart_button ajax_add_to_cart\">Sepete Ekle<\/a><\/div>\n\t\t\t<\/li><li class=\"wc-block-grid__product\">\n\t\t\t\t<a href=\"https:\/\/zuna.com.tr\/index.php\/product\/atlas-mind-kitap-tutucu\/\" class=\"wc-block-grid__product-link\">\n\t\t\t\t\t\n\t\t\t\t\t<div class=\"wc-block-grid__product-image\"><img decoding=\"async\" width=\"300\" height=\"300\" src=\"https:\/\/zuna.com.tr\/wp-content\/uploads\/2025\/08\/27-300x300.png\" class=\"attachment-woocommerce_thumbnail size-woocommerce_thumbnail\" alt=\"Atlas M\u0131nd Kitap Tutucu\" srcset=\"https:\/\/zuna.com.tr\/wp-content\/uploads\/2025\/08\/27-300x300.png 300w, https:\/\/zuna.com.tr\/wp-content\/uploads\/2025\/08\/27-150x150.png 150w, https:\/\/zuna.com.tr\/wp-content\/uploads\/2025\/08\/27-800x800.png 800w, https:\/\/zuna.com.tr\/wp-content\/uploads\/2025\/08\/27-270x270.png 270w, https:\/\/zuna.com.tr\/wp-content\/uploads\/2025\/08\/27-448x448.png 448w, https:\/\/zuna.com.tr\/wp-content\/uploads\/2025\/08\/27-100x100.png 100w\" sizes=\"(max-width: 300px) 100vw, 300px\" \/><\/div>\n\t\t\t\t\t<div class=\"wc-block-grid__product-title\">Atlas M\u0131nd Kitap Tutucu<\/div>\n\t\t\t\t<\/a>\n\t\t\t\t<div class=\"wc-block-grid__product-price price\"><span class=\"woocommerce-Price-amount amount\">3.000,00<span class=\"woocommerce-Price-currencySymbol\">&#8378;<\/span><\/span><\/div>\n\t\t\t\t\n\t\t\t\t<div class=\"wp-block-button wc-block-grid__product-add-to-cart\"><a href=\"?add-to-cart=1875\" aria-label=\"Sepete ekle: \u201cAtlas M\u0131nd Kitap Tutucu\u201d\" data-quantity=\"1\" data-product_id=\"1875\" data-product_sku=\"\" data-price=\"3000\" rel=\"nofollow\" class=\"wp-block-button__link  add_to_cart_button ajax_add_to_cart\">Sepete Ekle<\/a><\/div>\n\t\t\t<\/li><li class=\"wc-block-grid__product\">\n\t\t\t\t<a href=\"https:\/\/zuna.com.tr\/index.php\/product\/helix-time\/\" class=\"wc-block-grid__product-link\">\n\t\t\t\t\t\n\t\t\t\t\t<div class=\"wc-block-grid__product-image\"><img decoding=\"async\" width=\"300\" height=\"300\" src=\"https:\/\/zuna.com.tr\/wp-content\/uploads\/2025\/07\/GNC9882-300x300.png\" class=\"attachment-woocommerce_thumbnail size-woocommerce_thumbnail\" alt=\"Helix Time\" srcset=\"https:\/\/zuna.com.tr\/wp-content\/uploads\/2025\/07\/GNC9882-300x300.png 300w, https:\/\/zuna.com.tr\/wp-content\/uploads\/2025\/07\/GNC9882-1024x1024.png 1024w, https:\/\/zuna.com.tr\/wp-content\/uploads\/2025\/07\/GNC9882-150x150.png 150w, https:\/\/zuna.com.tr\/wp-content\/uploads\/2025\/07\/GNC9882-768x768.png 768w, https:\/\/zuna.com.tr\/wp-content\/uploads\/2025\/07\/GNC9882-1536x1536.png 1536w, https:\/\/zuna.com.tr\/wp-content\/uploads\/2025\/07\/GNC9882-2048x2048.png 2048w, https:\/\/zuna.com.tr\/wp-content\/uploads\/2025\/07\/GNC9882-800x800.png 800w, https:\/\/zuna.com.tr\/wp-content\/uploads\/2025\/07\/GNC9882-270x270.png 270w, https:\/\/zuna.com.tr\/wp-content\/uploads\/2025\/07\/GNC9882-448x448.png 448w, https:\/\/zuna.com.tr\/wp-content\/uploads\/2025\/07\/GNC9882-1320x1320.png 1320w, https:\/\/zuna.com.tr\/wp-content\/uploads\/2025\/07\/GNC9882-600x600.png 600w, https:\/\/zuna.com.tr\/wp-content\/uploads\/2025\/07\/GNC9882-100x100.png 100w\" sizes=\"(max-width: 300px) 100vw, 300px\" \/><\/div>\n\t\t\t\t\t<div class=\"wc-block-grid__product-title\">Helix Time<\/div>\n\t\t\t\t<\/a>\n\t\t\t\t<div class=\"wc-block-grid__product-price price\"><span class=\"woocommerce-Price-amount amount\">3.500,00<span class=\"woocommerce-Price-currencySymbol\">&#8378;<\/span><\/span><\/div>\n\t\t\t\t\n\t\t\t\t<div class=\"wp-block-button wc-block-grid__product-add-to-cart\"><a href=\"?add-to-cart=1820\" aria-label=\"Sepete ekle: \u201cHelix Time\u201d\" data-quantity=\"1\" data-product_id=\"1820\" data-product_sku=\"\" data-price=\"3500\" rel=\"nofollow\" class=\"wp-block-button__link  add_to_cart_button ajax_add_to_cart\">Sepete Ekle<\/a><\/div>\n\t\t\t<\/li><li class=\"wc-block-grid__product\">\n\t\t\t\t<a href=\"https:\/\/zuna.com.tr\/index.php\/product\/geometra-kup\/\" class=\"wc-block-grid__product-link\">\n\t\t\t\t\t\n\t\t\t\t\t<div class=\"wc-block-grid__product-image\"><img loading=\"lazy\" decoding=\"async\" width=\"300\" height=\"300\" src=\"https:\/\/zuna.com.tr\/wp-content\/uploads\/2025\/07\/19-300x300.png\" class=\"attachment-woocommerce_thumbnail size-woocommerce_thumbnail\" alt=\"Geometra K\u00fcp\" srcset=\"https:\/\/zuna.com.tr\/wp-content\/uploads\/2025\/07\/19-300x300.png 300w, https:\/\/zuna.com.tr\/wp-content\/uploads\/2025\/07\/19-150x150.png 150w, https:\/\/zuna.com.tr\/wp-content\/uploads\/2025\/07\/19-800x800.png 800w, https:\/\/zuna.com.tr\/wp-content\/uploads\/2025\/07\/19-270x270.png 270w, https:\/\/zuna.com.tr\/wp-content\/uploads\/2025\/07\/19-448x448.png 448w, https:\/\/zuna.com.tr\/wp-content\/uploads\/2025\/07\/19-100x100.png 100w\" sizes=\"(max-width: 300px) 100vw, 300px\" \/><\/div>\n\t\t\t\t\t<div class=\"wc-block-grid__product-title\">Geometra K\u00fcp<\/div>\n\t\t\t\t<\/a>\n\t\t\t\t<div class=\"wc-block-grid__product-price price\"><span class=\"woocommerce-Price-amount amount\">8.600,00<span class=\"woocommerce-Price-currencySymbol\">&#8378;<\/span><\/span><\/div>\n\t\t\t\t\n\t\t\t\t<div class=\"wp-block-button wc-block-grid__product-add-to-cart\"><a href=\"?add-to-cart=1813\" aria-label=\"Sepete ekle: \u201cGeometra K\u00fcp\u201d\" data-quantity=\"1\" data-product_id=\"1813\" data-product_sku=\"\" data-price=\"8600\" rel=\"nofollow\" class=\"wp-block-button__link  add_to_cart_button ajax_add_to_cart\">Sepete Ekle<\/a><\/div>\n\t\t\t<\/li><\/ul><\/div><\/div>\n<\/div>\n\t\t\t\t\t\t\t\t<\/div>\n\t\t\t\t\t<\/div>\n\t\t\t\t<\/div>\n\t\t\t\t<\/div>\n\t\t","protected":false},"excerpt":{"rendered":"","protected":false},"author":1,"featured_media":0,"parent":0,"menu_order":0,"comment_status":"closed","ping_status":"closed","template":"","meta":{"footnotes":""},"class_list":["post-11","page","type-page","status-publish","hentry"],"jetpack_sharing_enabled":true,"_links":{"self":[{"href":"https:\/\/zuna.com.tr\/index.php\/wp-json\/wp\/v2\/pages\/11","targetHints":{"allow":["GET"]}}],"collection":[{"href":"https:\/\/zuna.com.tr\/index.php\/wp-json\/wp\/v2\/pages"}],"about":[{"href":"https:\/\/zuna.com.tr\/index.php\/wp-json\/wp\/v2\/types\/page"}],"author":[{"embeddable":true,"href":"https:\/\/zuna.com.tr\/index.php\/wp-json\/wp\/v2\/users\/1"}],"replies":[{"embeddable":true,"href":"https:\/\/zuna.com.tr\/index.php\/wp-json\/wp\/v2\/comments?post=11"}],"version-history":[{"count":10,"href":"https:\/\/zuna.com.tr\/index.php\/wp-json\/wp\/v2\/pages\/11\/revisions"}],"predecessor-version":[{"id":1681,"href":"https:\/\/zuna.com.tr\/index.php\/wp-json\/wp\/v2\/pages\/11\/revisions\/1681"}],"wp:attachment":[{"href":"https:\/\/zuna.com.tr\/index.php\/wp-json\/wp\/v2\/media?parent=11"}],"curies":[{"name":"wp","href":"https:\/\/api.w.org\/{rel}","templated":true}]}}